t is the remainder when 46 is divided by y?
10
Suppose 4*m - 5*c = m + 14, -2*m + 2 = 4*c. What is the remainder when 1/(112/(-38) + m) is divided by 4?
3
Let m(z) = 11*z + 9 - 3*z - 3*z**2 + z**2 + z**2. What is the remainder when m(6) is divided by 12?
9
Suppose 2*b = 11079 - 8187. Calculate the remainder when b is divided by 7.
4
Let w(n) = 5*n**2 + n. Let u be (-6)/14 - 88/56. What is the remainder when (-4)/6*78*-1 is divided by w(u)?
16
Suppose -4*c = 12, -5*l - c = -4*l - 42. What is the remainder when 103 is divided by l?
13
Let f = -615 + 648. Calculate the remainder when 96 is divided by f.
30
Suppose -l = -2*w - 4*l + 25, 2*l = -6. Suppose 0 = y - 25 - 42. What is the remainder when y is divided by w?
16
Suppose 18*w - 16*w + 3404 = 0. What is the remainder when w/(-69)*6/4 is divided by 19?
18
Suppose 6*y + 111 = -105. Calculate the remainder when 47 is divided by (2 + -4)/(3/y).
23
Let b(s) = -90 - s**3 + 88 - s**3 - s. Calculate the remainder when b(-2) is divided by 10.
6
Let k = 23 + -45. Let g = 22 + k. Calculate the remainder when 29 is divided by -3 - (-57)/3 - g.
13
Let u(y) be the second derivative of -y**3/3 + 17*y**2/2 - 14*y. Let d be u(9). Calculate the remainder when ((-26)/(-39))/(d/(-54)) is divided by 13.
10
Let p(g) = -3 - 3*g**3 + 4*g**3 - g - 6 + 13*g**2 + 3. What is the remainder when 18 is divided by p(-13)?
4
Calculate the remainder when 335 is divided by (-295)/(-177)*(-1 - (-1 + -51)).
80
Let o = -265 + 447. Let j be 40/(-6)*255/(-20). Let k = o - j. What is the remainder when k is divided by 25?
22
Let t = 46 - 22. Suppose 0 = -2*d - 2*d + t. What is the remainder when (-11 - -4) + 30/2 + 2 is divided by d?
4
Let m(r) be the third derivative of -r**5/60 + 23*r**4/24 + r**3/2 - 20*r**2. What is the remainder when m(14) is divided by 22?
19
Let y(c) = -118*c - 10. Let r be y(-9). Suppose 0 = 8*g + 148 - r. What is the remainder when g is divided by 23?
21
Let f(m) = -2*m**2 - 10*m + 14. Calculate the remainder when 156 is divided by f(-4).
2
Suppose 2*a - 67 = 5*o, 2*o + 20 = -2*o. What is the remainder when a is divided by (-116)/(-14) - 18/63?
5
Suppose 2*z + 0*h - 4 = -4*h, 0 = 3*h + 3. Suppose -8*s + 180 = -z. Calculate the remainder when 58 is divided by s.
12
Let i(x) = -x**3 + 15*x**2 - 12*x - 19. Let t be (-6*1)/(3/9). Let l = t + 43. Calculate the remainder when l is divided by i(14).
7
Suppose 5*v + 0*n - 57 = 2*n, 0 = 3*v + 5*n - 28. Suppose -22*c = -24*c + 8. Suppose -c*o = -o - 9. Calculate the remainder when v is divided by o.
2
Let q(k) = -3*k**2 + 51*k + 13. Let u be (-1 + 0 + 3)*2. Suppose -4*j - j + 190 = u*f, j + 2 = 0. Calculate the remainder when f is divided by q(17).
11
Let p = -7872 - -7888. Suppose -2*h + 3*h + n - 4 = 0, 0 = n. Calculate the remainder when p is divided by h.
0
Suppose 12*f = 11*f + 116. Let m = -101 + f. What is the remainder when 28 is divided by m?
13
Suppose 27*n - 29*n + 254 = 0. Let f = -111 + n. Calculate the remainder when 40 is divided by f.
8
Let v be (-1)/((12/15)/(-4)). Suppose -z + 2*a - 1 = 0, z - 3*a = -0 - v. What is the remainder when ((-26)/4)/((-2)/4) is divided by z?
6
Suppose 2*z - 3*h = 44, z - 71 = -5*h - 23. Suppose 3*i + 2*j = 30, 5*i - 3*j - z = j. What is the remainder when 22 is divided by i?
6
Let y(d) = d + 29. Let k(q) = q**2 + 3*q - 10. Let a be k(-5). Calculate the remainder when 84 is divided by y(a).
26
Suppose -21*s + 22*s = -1. What is the remainder when 5 is divided by s - -1 - (-2 + -2)?
1
Let g(h) = h**2 + h + 2. Calculate the remainder when 40 is divided by g(-3).
0
Suppose 0 = -2*n - 0*n + 324. Suppose -2*f = 2*p - 80, f - 38 = -5*p + n. What is the remainder when 36 is divided by 390/p + (-1)/(-4)?
6
Let q(l) be the third derivative of -l**6/120 - 7*l**5/60 + 7*l**4/24 + l**3/3 - 7*l**2. What is the remainder when q(-8) is divided by 4?
2
Suppose -39*o = -41*o + 118. Suppose -4*w + o = 5*a, w = 5*a + 7 - 86. Calculate the remainder when 29 is divided by a.
14
Suppose 1980 = -5*d + 16*d. Calculate the remainder when 548 is divided by d.
8
Suppose -6*q = -10*q + 64. Suppose -l + 3*l = q. What is the remainder when l is divided by 3?
2
Suppose -223 - 670 = -47*v. Calculate the remainder when 34 is divided by v.
15
Suppose k - j = 44, 4*k - 89 = 5*j + 86. Calculate the remainder when 171 is divided by k.
36
Calculate the remainder when -2*(-7)/(-14) + 196 is divided by 20.
15
Let b be (6 - -3) + -1 + 1. Suppose -3*m + 21 = -b. What is the remainder when -3*(16/(-3) + -1) is divided by m?
9
Let c(a) = -a**2 - 31*a + 8*a - 18 - 6. What is the remainder when 70 is divided by c(-21)?
16
Suppose 5*z = n - 4*n + 19, -3*n + 5*z = -29. Calculate the remainder when 228 is divided by n.
4
Suppose -4*u - 2*o = o - 512, 4*u + o = 504. What is the remainder when u is divided by 14?
13
Suppose 0 = -2*c, -2*f + c + 55 = 3*f. Suppose -5*k + 0*k - 3*h + 35 = 0, -3*k + 4*h = 8. Calculate the remainder when k/(-48)*-3 - 127/(-4) is divided by f.
10
Let j = 2 + -2. Suppose 2*t + 2*a = 12, j*t + 3*t = 4*a + 46. Calculate the remainder when 2/4 + (-165)/(-6) is divided by t.
8
Let b be 255/9 - 8/6. Calculate the remainder when (56/3)/((-21)/b - -1) is divided by 18.
12
Let s(k) = 8*k**2. Let n be s(-2). Suppose 0*m = m - 4*z, -3*m - 4*z + n = 0. Calculate the remainder when (2 + (-22)/(-4))*m is divided by 16.
12
Let n = -2621 + 3719. Calculate the remainder when n is divided by 46.
40
Suppose 3*w + 10 = 5*w. Let i be 7/35 - (-14)/w. Suppose 0 = i*x - 1 - 11. What is the remainder when x is divided by 2?
0
Suppose 4*v + 3*t = 476, -2*v + 13*t + 238 = 16*t. Calculate the remainder when v is divided by 18.
11
Suppose 194 + 96 = 5*n. Let p(h) = 4*h - 2. Let j be p(13). Let l = -30 + j. Calculate the remainder when n is divided by l.
18
Suppose -2*i = c + 6, i = 6*c - 4*c - 13. Calculate the remainder when 62 is divided by c.
2
Suppose 4*j - 150 = -5*d, d - 3*d - j + 63 = 0. Suppose 0 = 2*i + 1 + 7, d = k + i. What is the remainder when k is divided by 11?
5
Calculate the remainder when 161 is divided by (-5)/45*-537 - 3/(-9).
41
What is the remainder when 18/90 - 1/(-5)*1869 is divided by 38?
32
Suppose 3*d + 4 - 12 = -2*m, 5*d = -m + 11. Calculate the remainder when 27/(-18)*-29*(3 - m) is divided by 15.
12
Let d = -29 - -63. Let f = d - 19. Let i = f + -8. Calculate the remainder when 25 is divided by i.
4
Calculate the remainder when 63 is divided by (1 - (-10)/(-8))/((-22)/440).
3
Calculate the remainder when 370 is divided by 3 - 0 - (96/(-4) + -16).
26
Suppose 4*o - 136 = -4*o. What is the remainder when 167 is divided by o?
14
Let r be (4/(-8))/1*4. Let o be (1/(-2))/(r/12). Suppose 0 = o*g - 6*g + 39. Calculate the remainder when 63 is divided by g.
11
Suppose -70 = 18*k - 25*k. What is the remainder when 567 is divided by k?
7
Let z be (1169/(-28))/((-1)/4). Suppose -3*w - 38 = -z. Calculate the remainder when w is divided by 23.
20
Calculate the remainder when 0 - ((-6 - 58) + -4) is divided by 14.
12
Let y = 357 + -150. Suppose -6*h + 3*h + y = 4*l, -h = 4*l - 197. Calculate the remainder when l is divided by 13.
9
Let m = 484 + -322. Suppose -3*l + 2*f + 0*f + m = 0, 0 = 2*l - 3*f - 108. What is the remainder when l is divided by 19?
16
What is the remainder when 3443 is divided by -10 - -15*(3 + 2)?
63
Suppose 31*d - 2268 = 13*d. Calculate the remainder when d is divided by 15.
6
Suppose 8*s = 10 + 14. Suppose -2*c = s*u - 395, -2*c = -u + 2*c + 155. What is the remainder when u is divided by 46?
43
Let b(u) = u**2 + 12*u + 14. Let i be b(-11). Suppose -2*t = -5*z + 14 + 72, 4*t = -i*z + 36. What is the remainder when 45 is divided by z?
13
Let u(d) = 1. Let c(k) = 30*k + 10. Let v(j) = -c(j) + 15*u(j). Let l be v(-9). Suppose 14*f - 19*f = -l. What is the remainder when f is divided by 14?
13
Let x be 18/14 - (-4)/(-14). Calculate the remainder when 252/14 + (3 - 14) is divided by (0 - x) + 2 + 1.
1
Let p(a) be the second derivative of 7*a**3/3 - 43*a**2/2 + 20*a. Calculate the remainder when p(6) is divided by 14.
13
What is the remainder when 206 is divided by (-916)/(-14) + 16/28?
8
Let u(t) = 3 + 7*t + t**2 + 2 + 3. Let x be u(-7). Suppose 2*m - 30 + x = -3*j, 3*j - 4*m + 8 = 0. What is the remainder when j is divided by 2?
0
Let 